{"id":1449,"date":"2024-02-04T15:02:09","date_gmt":"2024-02-04T14:02:09","guid":{"rendered":"http:\/\/urbansoles.duckdns.org\/?post_type=product&#038;p=1449"},"modified":"2024-02-10T23:14:11","modified_gmt":"2024-02-10T22:14:11","slug":"nike-nocta","status":"publish","type":"product","link":"https:\/\/urbansoles.duckdns.org\/?product=nike-nocta","title":{"rendered":"NIKE NOCTA"},"content":{"rendered":"<p>Sum\u00e9rgete en la elegancia y el rendimiento con los calcetines Nike x Nocta. Dise\u00f1ados en colaboraci\u00f3n con Nocta, la l\u00ednea de Drake, estos calcetines fusionan estilo y funcionalidad. Con tecnolog\u00eda de ventilaci\u00f3n y ajuste ergon\u00f3mico, brindan comodidad durante todo el d\u00eda. El logo Nocta aporta un toque distintivo. Ya sea en la cancha o en la calle, estos calcetines destacan por su sofisticaci\u00f3n y rendimiento inigualable. Eleva tu estilo con la colaboraci\u00f3n \u00e9pica de Nike y Nocta, llevando la moda deportiva a un nuevo nivel.<\/p>\n","protected":false},"excerpt":{"rendered":"<p>Sum\u00e9rgete en la elegancia y el rendimiento con los calcetines Nike x Nocta. Dise\u00f1ados en colaboraci\u00f3n con Nocta, la l\u00ednea de Drake, estos calcetines fusionan estilo y funcionalidad. Con tecnolog\u00eda [&hellip;]<\/p>\n","protected":false},"featured_media":1453,"comment_status":"open","ping_status":"closed","template":"","meta":[],"product_cat":[77,35,38,41],"product_tag":[],"class_list":{"0":"post-1449","1":"product","2":"type-product","3":"status-publish","4":"has-post-thumbnail","6":"product_cat-accesorios-nike","7":"product_cat-accesorios","8":"product_cat-calcetines","9":"product_cat-nike","11":"first","12":"instock","13":"shipping-taxable","14":"purchasable","15":"product-type-simple"},"_links":{"self":[{"href":"https:\/\/urbansoles.duckdns.org\/index.php?rest_route=\/wp\/v2\/product\/1449","targetHints":{"allow":["GET"]}}],"collection":[{"href":"https:\/\/urbansoles.duckdns.org\/index.php?rest_route=\/wp\/v2\/product"}],"about":[{"href":"https:\/\/urbansoles.duckdns.org\/index.php?rest_route=\/wp\/v2\/types\/product"}],"replies":[{"embeddable":true,"href":"https:\/\/urbansoles.duckdns.org\/index.php?rest_route=%2Fwp%2Fv2%2Fcomments&post=1449"}],"wp:featuredmedia":[{"embeddable":true,"href":"https:\/\/urbansoles.duckdns.org\/index.php?rest_route=\/wp\/v2\/media\/1453"}],"wp:attachment":[{"href":"https:\/\/urbansoles.duckdns.org\/index.php?rest_route=%2Fwp%2Fv2%2Fmedia&parent=1449"}],"wp:term":[{"taxonomy":"product_cat","embeddable":true,"href":"https:\/\/urbansoles.duckdns.org\/index.php?rest_route=%2Fwp%2Fv2%2Fproduct_cat&post=1449"},{"taxonomy":"product_tag","embeddable":true,"href":"https:\/\/urbansoles.duckdns.org\/index.php?rest_route=%2Fwp%2Fv2%2Fproduct_tag&post=1449"}],"curies":[{"name":"wp","href":"https:\/\/api.w.org\/{rel}","templated":true}]}}