{"id":1465,"date":"2024-02-04T15:45:41","date_gmt":"2024-02-04T14:45:41","guid":{"rendered":"http:\/\/urbansoles.duckdns.org\/?post_type=product&#038;p=1465"},"modified":"2024-02-10T23:14:39","modified_gmt":"2024-02-10T22:14:39","slug":"new-balance-cushioned","status":"publish","type":"product","link":"https:\/\/urbansoles.duckdns.org\/?product=new-balance-cushioned","title":{"rendered":"NEW BALANCE CUSHIONED"},"content":{"rendered":"<p>Los calcetines New Balance Cushioned Crew ofrecen comodidad y rendimiento. Su dise\u00f1o de alto rendimiento cuenta con amortiguaci\u00f3n estrat\u00e9gica para brindar soporte durante todo el d\u00eda. Fabricados con materiales de calidad, estos calcetines son ideales para mantener tus pies frescos y c\u00f3modos, ya sea en el gimnasio o en tus actividades diarias.<\/p>\n","protected":false},"excerpt":{"rendered":"<p>Los calcetines New Balance Cushioned Crew ofrecen comodidad y rendimiento. Su dise\u00f1o de alto rendimiento cuenta con amortiguaci\u00f3n estrat\u00e9gica para brindar soporte durante todo el d\u00eda. Fabricados con materiales de [&hellip;]<\/p>\n","protected":false},"featured_media":1466,"comment_status":"open","ping_status":"closed","template":"","meta":[],"product_cat":[79,35,38,45],"product_tag":[],"class_list":{"0":"post-1465","1":"product","2":"type-product","3":"status-publish","4":"has-post-thumbnail","6":"product_cat-accesorios-new-balance","7":"product_cat-accesorios","8":"product_cat-calcetines","9":"product_cat-new-balance","11":"first","12":"instock","13":"shipping-taxable","14":"purchasable","15":"product-type-simple"},"_links":{"self":[{"href":"https:\/\/urbansoles.duckdns.org\/index.php?rest_route=\/wp\/v2\/product\/1465","targetHints":{"allow":["GET"]}}],"collection":[{"href":"https:\/\/urbansoles.duckdns.org\/index.php?rest_route=\/wp\/v2\/product"}],"about":[{"href":"https:\/\/urbansoles.duckdns.org\/index.php?rest_route=\/wp\/v2\/types\/product"}],"replies":[{"embeddable":true,"href":"https:\/\/urbansoles.duckdns.org\/index.php?rest_route=%2Fwp%2Fv2%2Fcomments&post=1465"}],"wp:featuredmedia":[{"embeddable":true,"href":"https:\/\/urbansoles.duckdns.org\/index.php?rest_route=\/wp\/v2\/media\/1466"}],"wp:attachment":[{"href":"https:\/\/urbansoles.duckdns.org\/index.php?rest_route=%2Fwp%2Fv2%2Fmedia&parent=1465"}],"wp:term":[{"taxonomy":"product_cat","embeddable":true,"href":"https:\/\/urbansoles.duckdns.org\/index.php?rest_route=%2Fwp%2Fv2%2Fproduct_cat&post=1465"},{"taxonomy":"product_tag","embeddable":true,"href":"https:\/\/urbansoles.duckdns.org\/index.php?rest_route=%2Fwp%2Fv2%2Fproduct_tag&post=1465"}],"curies":[{"name":"wp","href":"https:\/\/api.w.org\/{rel}","templated":true}]}}