{"id":1479,"date":"2024-02-04T19:19:00","date_gmt":"2024-02-04T18:19:00","guid":{"rendered":"http:\/\/urbansoles.duckdns.org\/?post_type=product&#038;p=1479"},"modified":"2024-02-10T23:15:13","modified_gmt":"2024-02-10T22:15:13","slug":"nike-gorro-peak","status":"publish","type":"product","link":"https:\/\/urbansoles.duckdns.org\/?product=nike-gorro-peak","title":{"rendered":"NIKE GORRO PEAK"},"content":{"rendered":"<p>El gorro Nike Peak ofrece estilo y funcionalidad para mantenerte abrigado con un toque deportivo. Fabricado con materiales de calidad, garantiza comodidad y durabilidad. Su dise\u00f1o cl\u00e1sico con el ic\u00f3nico logo de Nike refleja un look moderno y atl\u00e9tico, ideal para cualquier ocasi\u00f3n. Mant\u00e9n la moda y el calor con este gorro vers\u00e1til.<\/p>\n","protected":false},"excerpt":{"rendered":"<p>El gorro Nike Peak ofrece estilo y funcionalidad para mantenerte abrigado con un toque deportivo. Fabricado con materiales de calidad, garantiza comodidad y durabilidad. Su dise\u00f1o cl\u00e1sico con el ic\u00f3nico [&hellip;]<\/p>\n","protected":false},"featured_media":1480,"comment_status":"open","ping_status":"closed","template":"","meta":[],"product_cat":[35,77,75,41],"product_tag":[],"class_list":{"0":"post-1479","1":"product","2":"type-product","3":"status-publish","4":"has-post-thumbnail","6":"product_cat-accesorios","7":"product_cat-accesorios-nike","8":"product_cat-gorros","9":"product_cat-nike","11":"first","12":"instock","13":"shipping-taxable","14":"purchasable","15":"product-type-simple"},"_links":{"self":[{"href":"https:\/\/urbansoles.duckdns.org\/index.php?rest_route=\/wp\/v2\/product\/1479","targetHints":{"allow":["GET"]}}],"collection":[{"href":"https:\/\/urbansoles.duckdns.org\/index.php?rest_route=\/wp\/v2\/product"}],"about":[{"href":"https:\/\/urbansoles.duckdns.org\/index.php?rest_route=\/wp\/v2\/types\/product"}],"replies":[{"embeddable":true,"href":"https:\/\/urbansoles.duckdns.org\/index.php?rest_route=%2Fwp%2Fv2%2Fcomments&post=1479"}],"wp:featuredmedia":[{"embeddable":true,"href":"https:\/\/urbansoles.duckdns.org\/index.php?rest_route=\/wp\/v2\/media\/1480"}],"wp:attachment":[{"href":"https:\/\/urbansoles.duckdns.org\/index.php?rest_route=%2Fwp%2Fv2%2Fmedia&parent=1479"}],"wp:term":[{"taxonomy":"product_cat","embeddable":true,"href":"https:\/\/urbansoles.duckdns.org\/index.php?rest_route=%2Fwp%2Fv2%2Fproduct_cat&post=1479"},{"taxonomy":"product_tag","embeddable":true,"href":"https:\/\/urbansoles.duckdns.org\/index.php?rest_route=%2Fwp%2Fv2%2Fproduct_tag&post=1479"}],"curies":[{"name":"wp","href":"https:\/\/api.w.org\/{rel}","templated":true}]}}