{"id":24,"date":"2019-04-18T11:08:43","date_gmt":"2019-04-18T11:08:43","guid":{"rendered":"https:\/\/envothemes.com\/envo-ecommerce\/product\/import-placeholder-for-61\/"},"modified":"2024-01-29T19:20:40","modified_gmt":"2024-01-29T18:20:40","slug":"new-balance-550","status":"publish","type":"product","link":"https:\/\/urbansoles.duckdns.org\/?product=new-balance-550","title":{"rendered":"NEW BALANCE  550"},"content":{"rendered":"<p>Las zapatillas New Balance 550 son la s\u00edntesis de la elegancia deportiva y el estilo urbano. Su parte superior de cuero premium ofrece comodidad y durabilidad, resaltada por el ic\u00f3nico logo \u00abN\u00bb de la marca. Con una entresuela acolchada para brindar m\u00e1xima amortiguaci\u00f3n, estas zapatillas fusionan lo retro con lo moderno. Vers\u00e1tiles y atemporales, son ideales para estilos casuales o urbanos. La combinaci\u00f3n de colores sutiles y detalles meticulosos hace de las New Balance 550 una elecci\u00f3n perfecta para quienes buscan autenticidad y moda. Descubre la fusi\u00f3n perfecta entre moda y funcionalidad con estas emblem\u00e1ticas zapatillas.<\/p>\n","protected":false},"excerpt":{"rendered":"<p>This is an external product.<\/p>\n","protected":false},"featured_media":729,"comment_status":"open","ping_status":"closed","template":"","meta":[],"product_cat":[47,45,46,23],"product_tag":[],"class_list":{"0":"post-24","1":"product","2":"type-product","3":"status-publish","4":"has-post-thumbnail","6":"product_cat-new-balance-sneakers","7":"product_cat-new-balance","8":"product_cat-sneakers-new-balance","9":"product_cat-sneakers","11":"first","12":"instock","13":"featured","14":"shipping-taxable","15":"purchasable","16":"product-type-simple"},"_links":{"self":[{"href":"https:\/\/urbansoles.duckdns.org\/index.php?rest_route=\/wp\/v2\/product\/24","targetHints":{"allow":["GET"]}}],"collection":[{"href":"https:\/\/urbansoles.duckdns.org\/index.php?rest_route=\/wp\/v2\/product"}],"about":[{"href":"https:\/\/urbansoles.duckdns.org\/index.php?rest_route=\/wp\/v2\/types\/product"}],"replies":[{"embeddable":true,"href":"https:\/\/urbansoles.duckdns.org\/index.php?rest_route=%2Fwp%2Fv2%2Fcomments&post=24"}],"wp:featuredmedia":[{"embeddable":true,"href":"https:\/\/urbansoles.duckdns.org\/index.php?rest_route=\/wp\/v2\/media\/729"}],"wp:attachment":[{"href":"https:\/\/urbansoles.duckdns.org\/index.php?rest_route=%2Fwp%2Fv2%2Fmedia&parent=24"}],"wp:term":[{"taxonomy":"product_cat","embeddable":true,"href":"https:\/\/urbansoles.duckdns.org\/index.php?rest_route=%2Fwp%2Fv2%2Fproduct_cat&post=24"},{"taxonomy":"product_tag","embeddable":true,"href":"https:\/\/urbansoles.duckdns.org\/index.php?rest_route=%2Fwp%2Fv2%2Fproduct_tag&post=24"}],"curies":[{"name":"wp","href":"https:\/\/api.w.org\/{rel}","templated":true}]}}